it of s(6)?
8
Suppose 5 = -k + 1. Let f be k/(-6) + (-4)/6. Suppose 3*g = 3, f = -4*s + 5*g - g. What is the units digit of s?
1
Let r = -15 - -18. What is the units digit of r?
3
What is the tens digit of (12/(-15))/(3/(-360))?
9
What is the units digit of 56 + (-4 + 5 - 0)?
7
Suppose -3*y + 13 = 5*d - 0*y, -y + 1 = 0. Let i(j) = -j - 6. Let l be i(-8). Suppose -l*n = -3*n + d. What is the units digit of n?
2
What is the units digit of (8 + -5)*47/3?
7
Let m(v) = 11*v**3 + 7*v**2 + 2*v + 51. Let g(k) = 5*k**3 + 3*k**2 + k + 25. Let w(r) = 9*g(r) - 4*m(r). What is the units digit of w(0)?
1
Let n(m) = -5*m**3 - 8*m**2 + 2*m. Let r(f) = -4*f**3 - 7*f**2 + 2*f. Let d(i) = -5*n(i) + 6*r(i). What is the units digit of d(2)?
4
Suppose -4*r + 60 = -4*b, -3*b - b = r + 10. Let a = 20 - r. Suppose -f = -0*f - a. What is the tens digit of f?
1
Let a(b) = -4*b - 14. Let q be a(-11). Suppose 0 = -5*f - h + 5*h + 75, 3*h + q = 2*f. What is the units digit of f?
5
Let z be (-2)/8 - 98/(-8). What is the units digit of ((-117)/(-6))/(9/z)?
6
What is the units digit of -1 + (30 - (-2 + -1))?
2
Let z = -73 - -123. What is the units digit of z?
0
Let a = 56 - -301. What is the units digit of 2/11 - a/(-33)?
1
Let i = -171 - -353. What is the units digit of i?
2
Let c = 363 + -141. What is the hundreds digit of c?
2
Suppose 5*n = 3*n + 6. Suppose 2*d + d - 18 = 0. Suppose n*b = -0*b + d. What is the units digit of b?
2
Let l = -3 + 14. What is the units digit of 1*(2 + -1)*l?
1
Let z be (-1)/(9/8 - 1). Let c(h) = 11*h - 18. Let n(g) = -5*g + 9. Let o(b) = 6*c(b) + 13*n(b). What is the units digit of o(z)?
1
Let k(h) = 36*h - 27. What is the hundreds digit of k(5)?
1
Let d(s) = 33*s**2 + s. What is the tens digit of d(-1)?
3
Suppose 5*v + 0*v = 60. Suppose -u + 4 = -v. What is the units digit of u?
6
Suppose -22 = -q - 2. What is the units digit of q?
0
Let t be 4/(-14) + 46/14. Suppose -3*r = -3*d + 135, t*d + d + 4*r = 148. What is the units digit of d?
1
Let z be -4*(4 + -5)*2. Suppose d - q - 18 = 4*q, -4*d = -q - 15. Suppose 0 = -h + d*h - z. What is the units digit of h?
4
Let b be (-45)/((-15)/(-6) - 2). What is the units digit of 10/4*b/(-25)?
9
What is the tens digit of 10/(-50) + 156/5?
3
Suppose -565 + 2595 = 5*y. Suppose 4*t - y = c, 4*t + 5*c - 112 = 3*t. Suppose -5*q - i + t = 0, -2 = -4*i + 6. What is the units digit of q?
0
Let t = -31 + 53. What is the tens digit of t?
2
Suppose s - 15 = 4*s. Let k(v) = -8*v - 12. What is the tens digit of k(s)?
2
Suppose 30 = 5*k - 3*v, 22 = -k - 0*v - 5*v. Suppose 0 = -h + 5*o + 19, 0*h - k*o = 2*h - 25. What is the tens digit of h?
1
Suppose 5*j - 9 = o + 2*o, -12 = -2*j - 3*o. Suppose j*k - 51 = 5*g - 18, 4*k = 3*g + 44. What is the units digit of k?
1
Let i = 35 + -13. What is the tens digit of i?
2
Let d = 12 - -2. Let t = d + -6. What is the units digit of t?
8
What is the tens digit of (15/(-30))/((-1)/108)?
5
Suppose -5 + 2 = n, -3*k - 3*n = -3. What is the units digit of k?
4
Suppose 226 = 6*q + 34. What is the tens digit of q?
3
Suppose 0*z + y + 4 = -z, 5*y = -3*z - 14. Let d = -2 - z. What is the units digit of d?
1
Suppose 5*n - 2*h = 958, 0*h + 776 = 4*n - 4*h. What is the hundreds digit of n?
1
Let z(w) = w**3 - 3*w**2 - w + 7. What is the tens digit of z(4)?
1
Let w(q) = 2*q**2 + 2*q + 1. Let y(t) = t**3 + 5*t**2 - 6*t + 1. Let j be y(-6). Suppose 3*g = 2*c + 5 - j, 3*g = 0. What is the units digit of w(c)?
5
What is the hundreds digit of (-1)/((-2)/(278 + -4))?
1
Let y(x) = 0*x**2 - 15*x - 13 - 3*x**2 - x**2. Let i(g) = 3*g**2 + 15*g + 13. Let n(u) = -3*i(u) - 2*y(u). What is the units digit of n(-14)?
1
Let h(x) = -x + 2. Suppose -4*g = -8, -j + g = -2*g + 1. Let f be h(j). Let u = 4 + f. What is the units digit of u?
1
Let s(r) = -r + 7. Let b be s(4). Let y(w) = -w**3 + 4*w**2 - w - 4. Let v be y(b). Suppose 0 = 3*o - v*o - 6. What is the units digit of o?
6
Let y be (-2 + 0 - -3)*-4. What is the units digit of (-40)/(-12) + y/(-6)?
4
Let f = 11 + -7. Suppose -f*s + 34 = -10. What is the units digit of s?
1
Let i(n) = -n**3 - 4*n**2 - 3*n + 1. Let b be i(-3). Let z(o) = -b - o + 1. What is the units digit of z(-2)?
2
Let s = -47 + 66. Let g = s + -8. What is the tens digit of g?
1
Let r = 270 + -113. What is the hundreds digit of r?
1
Suppose g = r + 12, 6*r + 12 = 2*r. Let w(v) = v - 7. What is the units digit of w(g)?
2
Let y(f) = f**2 + f - 2. Let u be y(-2). Let w = 13 - 6. Let x = w + u. What is the units digit of x?
7
Let t = 172 - -95. What is the tens digit of t?
6
Let k(s) = -s**2 + 3*s - 2. Let o be k(2). Let h be o/((-3)/((-6)/(-4))). Suppose d = -h*d + 4. What is the units digit of d?
4
Let c = 21 - 16. Suppose h + c*t - 25 = t, 160 = 4*h + 4*t. What is the units digit of h?
5
Suppose -3*r = -5*k + 15, 6*k - 6 = 4*k - 2*r. Suppose o - 10 - 9 = 4*i, -5*o + k*i = -95. What is the tens digit of o?
1
Let i = -142 - -216. What is the tens digit of i?
7
Suppose 0 = -2*g + 26 - 0. What is the units digit of g?
3
Suppose 0 = 5*t - t + 120. Let i = -15 - t. What is the tens digit of i?
1
Suppose 5*m - 2 - 8 = 0. What is the tens digit of (-3)/m*(-190)/15?
1
Suppose -2*j + 4*a = -284, -62 = -2*j - 5*a + 213. Suppose 2*i + 3*i - j = 0. What is the units digit of i?
8
Let i be ((-3)/9)/((-1)/3). Let g(c) = 4*c + 0*c + i + 3*c**2 - 2*c. What is the units digit of g(-1)?
2
What is the tens digit of 126/4 + 4/8?
3
Let w = 1 + 4. Suppose -a - 2*z + 26 = 0, w*a = -0*a - 5*z + 105. Let x = 27 - a. What is the units digit of x?
1
Let l(d) = -d**2 + 5*d + 8. Let o be l(6). Suppose -o*y = 3*f - 3 - 30, -f - 4*y + 21 = 0. What is the units digit of f?
9
Let b be ((-1)/2)/(1/2). What is the tens digit of 2/(-2) + b + 17?
1
Let a be (-6)/1*9/(-6). Let o(v) = v**3 - 8*v**2 - 6*v + 1. Let f be o(a). Suppose -2*q + 2*b + f = -2*b, 5*b = -q - 7. What is the units digit of q?
8
Let n = -6 - -8. Let r be (1 - -2 - n)*0. Suppose -24 = -r*a - 3*a. What is the units digit of a?
8
Suppose -5*f = -0*f - 4*p - 1155, 5*f - p = 1170. What is the hundreds digit of f?
2
What is the tens digit of 0 + 2 + 0 + 33?
3
Let v(f) = 14*f**2 - 3*f + 3. Let u be v(2). Suppose u + 22 = 3*n. What is the units digit of n?
5
Suppose 0 = 4*o - 8, 0 = -4*z - 2*o + 7*o + 166. What is the tens digit of z?
4
Let p(f) = 26*f**3 - 2*f**2 + f. Let r be p(1). Let a = 28 - r. What is the units digit of a?
3
Suppose 0*v - 2*v = 0. Suppose v = -a + 1. What is the units digit of a?
1
What is the tens digit of (-7*26)/(-2) - (-2)/(-2)?
9
Let l be 13/2 + 1/(-2). Let v(g) = -l*g + g + g**2 + 2*g + 3. What is the units digit of v(2)?
1
Suppose -30 = 2*d - 92. What is the units digit of d?
1
Suppose 0 = -0*g + 2*g - 40. What is the units digit of g?
0
What is the tens digit of (3/(-5))/((-10)/1250)?
7
Let r = 74 - 46. What is the tens digit of r?
2
Suppose -3*n + 20 = n. Suppose 4*p + 5*z = 21, -n*z + 1 = 5*p - 6*p. Suppose 3*s = 4*q + 11, -q - 5*s = p*q - 30. What is the units digit of q?
1
Let f(w) = 3*w - 9. Let d be f(8). Suppose -2*z = -5*g + 3*z + d, 5*g = -3*z + 23. Suppose t = -g*t + 2*x + 6, 6 = 3*x. What is the units digit of t?
2
Let o(h) be the second derivative of h**4/4 - 4*h**3/3 + 2*h. What is the tens digit of o(4)?
1
Suppose -6*i + 423 = -111. What is the tens digit of i?
8
Suppose 71 = 5*d - f, 2*f = -5*d + 7*f + 55. What is the units digit of d?
5
Let t(y) = -y**2 - y + 8. Let x be t(-3). Let w = -1 + 5. Suppose 0 = -a + 4*a - x*l - 32, -3*l - 42 = -w*a. What is the tens digit of a?
1
Let q = 0 - -7. Let g(j) = -j**2 - 4 + 13*j - 3*j - 1. What is the tens digit of g(q)?
1
Let s(t) = -t**3 + 7*t**2 + t - 9. Let h be s(7). Let r be h/(-4)*0*1. Suppose r = -5*l - 14 + 34. What is the units digit of l?
4
Let x(c) = -c**3 - 7*c**2 - 9*c - 11. What is the units digit of x(-7)?
2
Suppose -3*a + 5*z = -39, -3*z = 2*a - 7*a + 81. Let n = 47 - a. What is the units digit of n?
9
Suppose -4*j + 2*f = -240, 6 = 2*f + 2. What is the units digit of j?
1
Suppose -2*g - 1 = -3. Let s = g + -1. Suppose s = -d - 0*d + 2, 2*c - 8 = -2*d. What is the units digit of c?
2
Let h = 147 - 78. Suppose -4*u + h = 21. What is the tens digit of u?
1
Let h be (-3)/((-6)/(-4))*-4. Suppose -18 = -2*q - h. Let m = -3 + q. What is the units digit of m?
2
Suppose